{"id":80,"date":"2012-11-05T10:35:47","date_gmt":"2012-11-05T10:35:47","guid":{"rendered":"http:\/\/www.arisoftchile.com\/blog\/?page_id=80"},"modified":"2015-01-26T11:09:32","modified_gmt":"2015-01-26T11:09:32","slug":"descargas","status":"publish","type":"page","link":"https:\/\/www.arisoftchile.com\/blog\/descargas\/","title":{"rendered":"Descargas"},"content":{"rendered":"<h3 style=\"text-align: left;\" align=\"left\"><strong>ESCUELAS DE CONDUCCI\u00d3N<\/strong><\/h3>\n<ul>\n<li><a href=\"http:\/\/www.subtrans.gob.cl\/wp-content\/uploads\/2014\/01\/Establece-Normas-para-las-Escuelas-de-Conductores-Profesionales-o-Clase-A-D.S-25198.pdf\" target=\"_blank\">Establece Normas para las Escuelas de Conductores Profesionales o Clase A (D.S. N\u00ba251\/98-MTT)<\/a><\/li>\n<li><a href=\"http:\/\/www.subtrans.gob.cl\/wp-content\/uploads\/2014\/01\/ECP_Manual-de-Procedimiento-de-cursos-ocasionales-2001.doc\" target=\"_blank\">Manual de Procedimientos Evaluaci\u00f3n y Autorizaci\u00f3n de Cursos Ocasionales (2001)<\/a><\/li>\n<\/ul>\n<ul>\n<li><a href=\"http:\/\/www.subtrans.gob.cl\/wp-content\/uploads\/2014\/01\/ECP_Anexos-Manual-de-Procedimiento.doc\" target=\"_blank\">Anexos Manual de Procedimiento<\/a><\/li>\n<li><a href=\"http:\/\/www.subtrans.gob.cl\/wp-content\/uploads\/2014\/01\/ECP_resex2045.doc\" target=\"_blank\">Manual Caracter\u00ed\u00adsticas Gr\u00e1ficas para veh\u00ed\u00adculos de Instrucci\u00f3n en las ECP (Res.Ex. 2045)<\/a><\/li>\n<li><a href=\"http:\/\/www.subtrans.cl\/subtrans\/doc\/ECP_Manual%20para%20senaletica_ECP.doc\" target=\"_blank\">Manual para se\u00f1al\u00e9tica de las ECP<\/a><\/li>\n<li><a title=\"Reglamento de Convalidaci\u00f3n de M\u00f3dulos y\/o Contenidos Tem\u00e1ticos de Cursos Impartidos por las Escuelas de Conductores Profesionales, Resoluci\u00f3n Exenta N\u00b0657\/2002-MTT (Actualizado en agosto de 2014)\" href=\"http:\/\/www.subtrans.gob.cl\/wp-content\/uploads\/2014\/01\/RES-657-EXENTA_14-JUN-2002-_Convalida-Act_ECP-1.pdf\" target=\"_blank\">Reglamento de Convalidaci\u00f3n de M\u00f3dulos y\/o Contenidos Tem\u00e1ticos de Cursos Impartidos por las Escuelas de Conductores Profesionales, Resoluci\u00f3n Exenta N\u00b0657\/2002-MTT (Actualizado en agosto de 2014)<\/a><\/li>\n<li><a title=\"Formularios para la Petici\u00f3n y Convalidaci\u00f3n de M\u00f3dulos y\/o Contenidos Tem\u00e1ticos de Cursos Impartidos por las Escuelas de Conductores Profesionales\" href=\"http:\/\/www.subtrans.gob.cl\/wp-content\/uploads\/2014\/01\/Anexos-Convalidacion-2014.doc\" target=\"_blank\">Formularios para la Petici\u00f3n y Convalidaci\u00f3n de M\u00f3dulos y\/o Contenidos Tem\u00e1ticos de Cursos Impartidos por las Escuelas de Conductores Profesionales<\/a><\/li>\n<li><a href=\"http:\/\/www.subtrans.gob.cl\/wp-content\/uploads\/2014\/01\/Formulario_Planes_ECP1.doc\">FORMULARIO PRESENTACI\u00d3N PLANES Y PROGRAMAS PARA E.C.P.<\/a><\/li>\n<li><a href=\"http:\/\/www.subtrans.gob.cl\/wp-content\/uploads\/2014\/01\/Formulario_Presentacion_ECP1.doc\">FORMULARIO ACREDITACI\u00d3N ESCUELA DE CONDUCTORES PROFESIONALES (ECP)<\/a><\/li>\n<li><a href=\"http:\/\/www.subtrans.gob.cl\/wp-content\/uploads\/2014\/01\/Resol-1212-de-2007-modific-Actas-ECP.doc\" target=\"_blank\">Modifica Resoluci\u00f3n Ex. N\u00ba 1852\/99-MTT, Manual de Procedimientos<\/a><\/li>\n<li><a href=\"http:\/\/www.subtrans.gob.cl\/wp-content\/uploads\/2014\/01\/Resex_12122007.pdf\" target=\"_blank\">Resoluci\u00f3n Exenta N\u00ba 1212 de 29\/06\/2007<\/a><\/li>\n<li><a href=\"http:\/\/www.subtrans.gob.cl\/wp-content\/uploads\/2014\/01\/formulario_curso_especial_epc_con_simulador.doc\" target=\"_blank\">Formulario Solicitud Curso Especial ECP con simulador<\/a><\/li>\n<li><a href=\"http:\/\/www.subtrans.gob.cl\/wp-content\/uploads\/2014\/01\/DS122_ReglamCursoSimuladr.pdf\" target=\"_blank\">D.S. N\u00ba 122\/2012-MTT, REGLAMENTO DE CURSO TE\u00d3RICO Y PR\u00ed\u0081CTICO ESPECIAL QUE CONTEMPLA EL USO DE SIMULADORES DE INMERSI\u00d3N TOTAL<\/a><\/li>\n<li><a href=\"http:\/\/www.subtrans.gob.cl\/wp-content\/uploads\/2014\/01\/DS126_EspecificacionesTecnicasSimulador.pdf\" target=\"_blank\">D.S. N\u00ba 126\/2012-MTT, REGLAMENTO QUE ESTABLECE LAS CARACTER\u00cdSTICAS Y ESPECIFICACIONES T\u00c9CNICAS DEL SIMULADOR<\/a><\/li>\n<li><a href=\"http:\/\/www.subtrans.gob.cl\/wp-content\/uploads\/2014\/01\/Acreditaciones-SIT.xls\" target=\"_blank\">N\u00f3mina de SIT certificados por 3CV<\/a><\/li>\n<li><a href=\"http:\/\/www.subtrans.gob.cl\/wp-content\/uploads\/2014\/01\/Inst_cursos.xls\" target=\"_blank\">INSTITUCIONES QUE IMPARTE EL CURSO HABILITACI\u00d3N PEDAG\u00d3GICA<\/a><\/li>\n<li><a href=\"http:\/\/www.subtrans.gob.cl\/wp-content\/uploads\/2014\/01\/Resoluci%C3%B3n-2200-EXENTA_17-OCT-2012-1.pdf\" target=\"_blank\">RESOLUCI\u00d3N EX. N\u00ba2200\/2012-MTT, ESTABLECE PAUTAS GENERALES DE ACREDITACI\u00d3N DE LAS ESPECIFICACIONES T\u00c9CNICAS DE LOS SIMULADORES DE INMERSI\u00d3N TOTAL<\/a><\/li>\n<\/ul>\n<h3 style=\"text-align: left;\" align=\"justify\"><strong>CURSOS OCASIONALES ESCUELA DE CONDUCCI\u00d3N<\/strong><\/h3>\n<ul style=\"text-align: left;\">\n<li>\n<div align=\"justify\"><a href=\"http:\/\/www.subtrans.cl\/subtrans\/doc\/Anexo1.doc\" target=\"_blank\">Anexo 1<\/a>. Solicitud de antecedentes.<\/div>\n<\/li>\n<li>\n<div align=\"justify\"><a href=\"http:\/\/www.subtrans.cl\/subtrans\/doc\/Anexo2.doc\" target=\"_blank\">Anexo 2<\/a>. Modelo carta solicitud.<\/div>\n<\/li>\n<li>\n<div align=\"justify\"><a href=\"http:\/\/www.subtrans.cl\/subtrans\/doc\/Anexo%203.doc\" target=\"_blank\">Anexo 3<\/a>. Lista de alumnos.<\/div>\n<\/li>\n<li>\n<div align=\"justify\"><a href=\"http:\/\/www.subtrans.cl\/subtrans\/doc\/Anexo4.doc\" target=\"_blank\">Anexo 4<\/a>. Plantilla de datos.<\/div>\n<\/li>\n<li>\n<div align=\"justify\"><a href=\"http:\/\/www.subtrans.cl\/subtrans\/doc\/Anexo5.doc\" target=\"_blank\">Anexo 5<\/a>. N\u00f3minas de instructores.<\/div>\n<\/li>\n<li>\n<div align=\"justify\"><a href=\"http:\/\/www.subtrans.cl\/subtrans\/doc\/Anexo6.doc\" target=\"_blank\">Anexo 6<\/a>. Certificado de autorizaci\u00f3n y validaci\u00f3n de instructores por especialidad y de conducci\u00f3n.<\/div>\n<\/li>\n<li>\n<div align=\"justify\"><a href=\"http:\/\/www.subtrans.cl\/subtrans\/doc\/Anexo7.doc\" target=\"_blank\">Anexo 7<\/a>. Carta Gantt.<\/div>\n<\/li>\n<\/ul>\n<h3 style=\"text-align: left;\" align=\"justify\"><strong>CURSOS CON SIMULADORES<\/strong><\/h3>\n<div style=\"text-align: left;\" align=\"justify\">\n<ul>\n<li><a href=\"http:\/\/www.subtrans.cl\/subtrans\/doc\/formulario_curso_especial_epc_con_simulador.doc\" target=\"_blank\">Formulario<\/a> de solicitud de curso especial con simulador.<\/li>\n<li><a href=\"http:\/\/www.subtrans.cl\/subtrans\/doc\/DS122_ReglamCursoSimuladr.pdf\" target=\"_blank\">Reglamento<\/a> de curso te\u00f3rico-pr\u00e1ctico especial que contempla el uso de simulador de inmersi\u00f3n total.<\/li>\n<li><a href=\"http:\/\/www.subtrans.cl\/subtrans\/doc\/DS126_EspecificacionesTecnicasSimulador.pdf\" target=\"_blank\">Reglamento<\/a> que establece las caracter\u00ed\u00adsticas y especificaciones t\u00e9cnicas del simulador.<\/li>\n<\/ul>\n<p>&nbsp;<\/p>\n<\/div>\n<h3 style=\"text-align: left;\" align=\"justify\"><strong>LICENCIAS DE CONDUCCI\u00d3N<\/strong><\/h3>\n<div style=\"text-align: left;\" align=\"justify\">\n<ul>\n<li><a href=\"http:\/\/www.subtrans.cl\/subtrans\/doc\/Form_Est_Licencias_ByC.xls\" target=\"_blank\">Formulario<\/a> de Licencias B y C.<\/li>\n<li><a href=\"http:\/\/www.subtrans.cl\/subtrans\/doc\/Formulario_Estad_Licencia_Conductor.xls\" target=\"_blank\">Formulario<\/a> para las Estad\u00ed\u00adsticas de las Licencias de Conductores Otorgadas y Denegadas.<\/li>\n<li><a href=\"http:\/\/www.subtrans.cl\/subtrans\/doc\/estadisticas-licenciasdeconducir94-04.pdf\" target=\"_blank\">N\u00famero de licencias de conductor<\/a> otorgadas entre los a\u00f1os 1994 y 2004.\u00a0 Informaci\u00f3n proporcionada por el Servicio de Registro Civil e Identificaci\u00f3n<\/li>\n<li><a href=\"http:\/\/www.subtrans.gob.cl\/subtrans\/doc\/registro_abierto.pdf\" target=\"_blank\">Registro<\/a> abierto y voluntario de Instrumentos y equipos psicot\u00e9cnicos.<\/li>\n<\/ul>\n<p>&nbsp;<\/p>\n<\/div>\n<h3 style=\"text-align: left;\" align=\"justify\"><strong>TRANSPORTE DE PASAJEROS<\/strong><\/h3>\n<ul>\n<li style=\"text-align: left;\">\n<div align=\"justify\"><a href=\"http:\/\/www.subtrans.cl\/subtrans\/doc\/Formulario_Serv_Priv_General_17022011.doc\" target=\"_blank\">Solicitud<\/a> de Permiso General para Servicio de Transporte Privado Remunerado de Pasajeros.<\/div>\n<\/li>\n<li style=\"text-align: left;\">\n<div align=\"justify\"><a href=\"http:\/\/www.subtrans.cl\/subtrans\/doc\/Formulario_RENASTRE_30052012.doc\" target=\"_blank\">Registro Nacional<\/a> de servicios de transporte remunerado de escolares.<\/div>\n<\/li>\n<li style=\"text-align: left;\">\n<div align=\"justify\"><a href=\"http:\/\/www.subtrans.cl\/subtrans\/doc\/Formulario_2_RNSTP_20072011.doc\" target=\"_blank\">Caracter\u00ed\u00adsticas<\/a> del servicio (origen-destino).<\/div>\n<\/li>\n<li style=\"text-align: left;\">\n<div align=\"justify\"><a href=\"http:\/\/www.subtrans.cl\/subtrans\/doc\/Formulario_Serv_Priv_Especial_17022011.doc\" target=\"_blank\">Solicitud<\/a> de permiso especial para realizar servicio de transporte privado remunerado de pasajeros con veh\u00ed\u00adculos inscritos en RENASTRE<\/div>\n<\/li>\n<li style=\"text-align: left;\">\n<div align=\"justify\">Solicitud de <a href=\"http:\/\/www.subtrans.cl\/subtrans\/doc\/form03.doc\" target=\"_blank\">modificaci\u00f3n de antecedentes<\/a> de Empresa (1 y 2).<\/div>\n<\/li>\n<li style=\"text-align: left;\">\n<div align=\"justify\"><a href=\"http:\/\/www.subtrans.gob.cl\/subtrans\/doc\/Formulario_3_RNSTP_17022011.doc\" target=\"_blank\">Flota Asociada al Servicio y Constancia Existencia<\/a>.<\/div>\n<\/li>\n<li>\n<div style=\"text-align: left;\" align=\"justify\"><a href=\"http:\/\/www.subtrans.cl\/subtrans\/doc\/Formulario_1_RNSTP_17022011.doc\" target=\"_blank\">Solicitud de Inscripci\u00f3n o Anotaci\u00f3n.<\/a><\/div>\n<\/li>\n<\/ul>\n","protected":false},"excerpt":{"rendered":"<p>ESCUELAS DE CONDUCCI\u00d3N Establece Normas para las Escuelas de Conductores Profesionales o Clase A (D.S. N\u00ba251\/98-MTT) Manual de Procedimientos Evaluaci\u00f3n y Autorizaci\u00f3n de Cursos Ocasionales (2001) Anexos Manual de Procedimiento Manual Caracter\u00ed\u00adsticas Gr\u00e1ficas para veh\u00ed\u00adculos de Instrucci\u00f3n en las ECP&#8230; <a class=\"more-link\" href=\"https:\/\/www.arisoftchile.com\/blog\/descargas\/\">Seguir leyendo &rarr;<\/a><\/p>\n","protected":false},"author":1,"featured_media":0,"parent":0,"menu_order":4,"comment_status":"open","ping_status":"closed","template":"","meta":{"footnotes":""},"class_list":["post-80","page","type-page","status-publish","hentry"],"yoast_head":"<!-- This site is optimized with the Yoast SEO plugin v24.0 - https:\/\/yoast.com\/wordpress\/plugins\/seo\/ -->\n<title>Descargas - AriSoft Chile - Productos para escuelas de conductores<\/title>\n<meta name=\"robots\" content=\"index, follow, max-snippet:-1, max-image-preview:large, max-video-preview:-1\" \/>\n<link rel=\"canonical\" href=\"https:\/\/www.arisoftchile.com\/blog\/descargas\/\" \/>\n<meta property=\"og:locale\" content=\"es_ES\" \/>\n<meta property=\"og:type\" content=\"article\" \/>\n<meta property=\"og:title\" content=\"Descargas - AriSoft Chile - Productos para escuelas de conductores\" \/>\n<meta property=\"og:description\" content=\"ESCUELAS DE CONDUCCI\u00d3N Establece Normas para las Escuelas de Conductores Profesionales o Clase A (D.S. N\u00ba251\/98-MTT) Manual de Procedimientos Evaluaci\u00f3n y Autorizaci\u00f3n de Cursos Ocasionales (2001) Anexos Manual de Procedimiento Manual Caracter\u00ed\u00adsticas Gr\u00e1ficas para veh\u00ed\u00adculos de Instrucci\u00f3n en las ECP... Seguir leyendo &rarr;\" \/>\n<meta property=\"og:url\" content=\"https:\/\/www.arisoftchile.com\/blog\/descargas\/\" \/>\n<meta property=\"og:site_name\" content=\"AriSoft Chile - Productos para escuelas de conductores\" \/>\n<meta property=\"article:modified_time\" content=\"2015-01-26T11:09:32+00:00\" \/>\n<meta name=\"twitter:label1\" content=\"Tiempo de lectura\" \/>\n\t<meta name=\"twitter:data1\" content=\"2 minutos\" \/>\n<script type=\"application\/ld+json\" class=\"yoast-schema-graph\">{\"@context\":\"https:\/\/schema.org\",\"@graph\":[{\"@type\":\"WebPage\",\"@id\":\"https:\/\/www.arisoftchile.com\/blog\/descargas\/\",\"url\":\"https:\/\/www.arisoftchile.com\/blog\/descargas\/\",\"name\":\"Descargas - AriSoft Chile - Productos para escuelas de conductores\",\"isPartOf\":{\"@id\":\"https:\/\/www.arisoftchile.com\/blog\/#website\"},\"datePublished\":\"2012-11-05T10:35:47+00:00\",\"dateModified\":\"2015-01-26T11:09:32+00:00\",\"breadcrumb\":{\"@id\":\"https:\/\/www.arisoftchile.com\/blog\/descargas\/#breadcrumb\"},\"inLanguage\":\"es\",\"potentialAction\":[{\"@type\":\"ReadAction\",\"target\":[\"https:\/\/www.arisoftchile.com\/blog\/descargas\/\"]}]},{\"@type\":\"BreadcrumbList\",\"@id\":\"https:\/\/www.arisoftchile.com\/blog\/descargas\/#breadcrumb\",\"itemListElement\":[{\"@type\":\"ListItem\",\"position\":1,\"name\":\"Portada\",\"item\":\"https:\/\/www.arisoftchile.com\/blog\/\"},{\"@type\":\"ListItem\",\"position\":2,\"name\":\"Descargas\"}]},{\"@type\":\"WebSite\",\"@id\":\"https:\/\/www.arisoftchile.com\/blog\/#website\",\"url\":\"https:\/\/www.arisoftchile.com\/blog\/\",\"name\":\"AriSoft Chile - Productos para escuelas de conductores\",\"description\":\"Editorial de productos para escuelas de conductores\",\"potentialAction\":[{\"@type\":\"SearchAction\",\"target\":{\"@type\":\"EntryPoint\",\"urlTemplate\":\"https:\/\/www.arisoftchile.com\/blog\/?s={search_term_string}\"},\"query-input\":{\"@type\":\"PropertyValueSpecification\",\"valueRequired\":true,\"valueName\":\"search_term_string\"}}],\"inLanguage\":\"es\"}]}<\/script>\n<!-- \/ Yoast SEO plugin. -->","yoast_head_json":{"title":"Descargas - AriSoft Chile - Productos para escuelas de conductores","robots":{"index":"index","follow":"follow","max-snippet":"max-snippet:-1","max-image-preview":"max-image-preview:large","max-video-preview":"max-video-preview:-1"},"canonical":"https:\/\/www.arisoftchile.com\/blog\/descargas\/","og_locale":"es_ES","og_type":"article","og_title":"Descargas - AriSoft Chile - Productos para escuelas de conductores","og_description":"ESCUELAS DE CONDUCCI\u00d3N Establece Normas para las Escuelas de Conductores Profesionales o Clase A (D.S. N\u00ba251\/98-MTT) Manual de Procedimientos Evaluaci\u00f3n y Autorizaci\u00f3n de Cursos Ocasionales (2001) Anexos Manual de Procedimiento Manual Caracter\u00ed\u00adsticas Gr\u00e1ficas para veh\u00ed\u00adculos de Instrucci\u00f3n en las ECP... Seguir leyendo &rarr;","og_url":"https:\/\/www.arisoftchile.com\/blog\/descargas\/","og_site_name":"AriSoft Chile - Productos para escuelas de conductores","article_modified_time":"2015-01-26T11:09:32+00:00","twitter_misc":{"Tiempo de lectura":"2 minutos"},"schema":{"@context":"https:\/\/schema.org","@graph":[{"@type":"WebPage","@id":"https:\/\/www.arisoftchile.com\/blog\/descargas\/","url":"https:\/\/www.arisoftchile.com\/blog\/descargas\/","name":"Descargas - AriSoft Chile - Productos para escuelas de conductores","isPartOf":{"@id":"https:\/\/www.arisoftchile.com\/blog\/#website"},"datePublished":"2012-11-05T10:35:47+00:00","dateModified":"2015-01-26T11:09:32+00:00","breadcrumb":{"@id":"https:\/\/www.arisoftchile.com\/blog\/descargas\/#breadcrumb"},"inLanguage":"es","potentialAction":[{"@type":"ReadAction","target":["https:\/\/www.arisoftchile.com\/blog\/descargas\/"]}]},{"@type":"BreadcrumbList","@id":"https:\/\/www.arisoftchile.com\/blog\/descargas\/#breadcrumb","itemListElement":[{"@type":"ListItem","position":1,"name":"Portada","item":"https:\/\/www.arisoftchile.com\/blog\/"},{"@type":"ListItem","position":2,"name":"Descargas"}]},{"@type":"WebSite","@id":"https:\/\/www.arisoftchile.com\/blog\/#website","url":"https:\/\/www.arisoftchile.com\/blog\/","name":"AriSoft Chile - Productos para escuelas de conductores","description":"Editorial de productos para escuelas de conductores","potentialAction":[{"@type":"SearchAction","target":{"@type":"EntryPoint","urlTemplate":"https:\/\/www.arisoftchile.com\/blog\/?s={search_term_string}"},"query-input":{"@type":"PropertyValueSpecification","valueRequired":true,"valueName":"search_term_string"}}],"inLanguage":"es"}]}},"_links":{"self":[{"href":"https:\/\/www.arisoftchile.com\/blog\/wp-json\/wp\/v2\/pages\/80","targetHints":{"allow":["GET"]}}],"collection":[{"href":"https:\/\/www.arisoftchile.com\/blog\/wp-json\/wp\/v2\/pages"}],"about":[{"href":"https:\/\/www.arisoftchile.com\/blog\/wp-json\/wp\/v2\/types\/page"}],"author":[{"embeddable":true,"href":"https:\/\/www.arisoftchile.com\/blog\/wp-json\/wp\/v2\/users\/1"}],"replies":[{"embeddable":true,"href":"https:\/\/www.arisoftchile.com\/blog\/wp-json\/wp\/v2\/comments?post=80"}],"version-history":[{"count":4,"href":"https:\/\/www.arisoftchile.com\/blog\/wp-json\/wp\/v2\/pages\/80\/revisions"}],"predecessor-version":[{"id":976,"href":"https:\/\/www.arisoftchile.com\/blog\/wp-json\/wp\/v2\/pages\/80\/revisions\/976"}],"wp:attachment":[{"href":"https:\/\/www.arisoftchile.com\/blog\/wp-json\/wp\/v2\/media?parent=80"}],"curies":[{"name":"wp","href":"https:\/\/api.w.org\/{rel}","templated":true}]}}